{"id":17,"date":"2024-03-07T13:02:04","date_gmt":"2024-03-07T13:02:04","guid":{"rendered":"https:\/\/xn--vritablefraternit-btbq.org\/?page_id=17"},"modified":"2026-04-01T22:20:19","modified_gmt":"2026-04-01T22:20:19","slug":"le-cercle-eternel","status":"publish","type":"page","link":"https:\/\/xn--vritablefraternit-btbq.org\/?page_id=17","title":{"rendered":"LE CERCLE \u00c9TERNEL"},"content":{"rendered":"<style>.elementor-17 .elementor-element.elementor-element-71311e5f:not(.elementor-motion-effects-element-type-background), .elementor-17 .elementor-element.elementor-element-71311e5f > .elementor-motion-effects-container > .elementor-motion-effects-layer{background-image:url(\"https:\/\/xn--vritablefraternit-btbq.org\/wp-content\/uploads\/2024\/09\/240_F_337037857_Z6pioVz3c5pnIC0hvmd03yo4hvzIfQj4.jpg\");background-position:center center;background-repeat:no-repeat;background-size:cover;}.elementor-17 .elementor-element.elementor-element-71311e5f > .elementor-background-overlay{background-color:#030101;opacity:0.5;transition:background 0.3s, border-radius 0.3s, opacity 0.3s;}.elementor-17 .elementor-element.elementor-element-71311e5f{transition:background 0.3s, border 0.3s, border-radius 0.3s, box-shadow 0.3s;}.elementor-17 .elementor-element.elementor-element-3bd0197f{--spacer-size:50px;}.elementor-widget-heading .elementor-heading-title{font-family:var( --e-global-typography-primary-font-family ), Sans-serif;font-weight:var( --e-global-typography-primary-font-weight );color:var( --e-global-color-primary );}.elementor-17 .elementor-element.elementor-element-40f94673{text-align:center;}.elementor-17 .elementor-element.elementor-element-40f94673 .elementor-heading-title{font-family:\"Aubrey\", Sans-serif;font-size:45px;font-weight:600;line-height:40px;color:var( --e-global-color-a282da2 );}.elementor-17 .elementor-element.elementor-element-40f94673 > .elementor-widget-container{padding:0px 0px 20px 0px;}.elementor-widget-image .widget-image-caption{color:var( --e-global-color-text );font-family:var( --e-global-typography-text-font-family ), Sans-serif;font-weight:var( --e-global-typography-text-font-weight );}.elementor-17 .elementor-element.elementor-element-551dced2{text-align:center;}.elementor-17 .elementor-element.elementor-element-551dced2 > .elementor-widget-container{padding:0px 0px 20px 0px;}.elementor-widget-button .elementor-button{font-family:var( --e-global-typography-accent-font-family ), Sans-serif;font-weight:var( --e-global-typography-accent-font-weight );background-color:var( --e-global-color-accent );}.elementor-17 .elementor-element.elementor-element-7c933f4b .elementor-button{font-family:\"Carter One\", Sans-serif;font-weight:500;fill:var( --e-global-color-a282da2 );color:var( --e-global-color-a282da2 );background-color:#FFFFFF;border-style:solid;border-width:1px 1px 1px 1px;border-color:var( --e-global-color-a282da2 );border-radius:30px 30px 30px 30px;}.elementor-17 .elementor-element.elementor-element-7c933f4b .elementor-button:hover, .elementor-17 .elementor-element.elementor-element-7c933f4b .elementor-button:focus{color:#101E42;background-color:#FFFFFF;}.elementor-17 .elementor-element.elementor-element-7c933f4b .elementor-button:hover svg, .elementor-17 .elementor-element.elementor-element-7c933f4b .elementor-button:focus svg{fill:#101E42;}.elementor-widget-text-editor{font-family:var( --e-global-typography-text-font-family ), Sans-serif;font-weight:var( --e-global-typography-text-font-weight );color:var( --e-global-color-text );}.elementor-widget-text-editor.elementor-drop-cap-view-stacked .elementor-drop-cap{background-color:var( --e-global-color-primary );}.elementor-widget-text-editor.elementor-drop-cap-view-framed .elementor-drop-cap, .elementor-widget-text-editor.elementor-drop-cap-view-default .elementor-drop-cap{color:var( --e-global-color-primary );border-color:var( --e-global-color-primary );}.elementor-17 .elementor-element.elementor-element-4740732{text-align:start;font-family:\"Arvo\", Sans-serif;font-size:16px;font-weight:100;line-height:34px;color:#FFFFFF;}.elementor-17 .elementor-element.elementor-element-434c2434{--spacer-size:10px;}:root{--page-title-display:none;}@media(max-width:767px){.elementor-17 .elementor-element.elementor-element-40f94673{text-align:start;}.elementor-17 .elementor-element.elementor-element-40f94673 .elementor-heading-title{font-size:34px;line-height:1em;}.elementor-17 .elementor-element.elementor-element-551dced2{text-align:start;}.elementor-17 .elementor-element.elementor-element-551dced2 img{width:40%;}.elementor-17 .elementor-element.elementor-element-7c933f4b > .elementor-widget-container{padding:0px 0px 0px 0px;}.elementor-17 .elementor-element.elementor-element-4740732{text-align:start;line-height:1.9em;}.elementor-17 .elementor-element.elementor-element-4740732 > .elementor-widget-container{padding:0px 12px 0px 012px;}}<\/style>\t\t<div data-elementor-type=\"wp-page\" data-elementor-id=\"17\" class=\"elementor elementor-17\" data-elementor-post-type=\"page\">\n\t\t\t\t\t\t<section class=\"elementor-section elementor-top-section elementor-element elementor-element-71311e5f elementor-section-boxed elementor-section-height-default elementor-section-height-default\" data-id=\"71311e5f\" data-element_type=\"section\" data-e-type=\"section\" data-settings=\"{&quot;background_background&quot;:&quot;classic&quot;}\">\n\t\t\t\t\t\t\t<div class=\"elementor-background-overlay\"><\/div>\n\t\t\t\t\t\t\t<div class=\"elementor-container elementor-column-gap-default\">\n\t\t\t\t\t<div class=\"elementor-column elementor-col-100 elementor-top-column elementor-element elementor-element-13d76aab\" data-id=\"13d76aab\" data-element_type=\"column\" data-e-type=\"column\">\n\t\t\t<div class=\"elementor-widget-wrap elementor-element-populated\">\n\t\t\t\t\t\t<div class=\"elementor-element elementor-element-3bd0197f elementor-widget elementor-widget-spacer\" data-id=\"3bd0197f\" data-element_type=\"widget\" data-e-type=\"widget\" data-widget_type=\"spacer.default\">\n\t\t\t\t<div class=\"elementor-widget-container\">\n\t\t\t\t\t\t\t<div class=\"elementor-spacer\">\n\t\t\t<div class=\"elementor-spacer-inner\"><\/div>\n\t\t<\/div>\n\t\t\t\t\t\t<\/div>\n\t\t\t\t<\/div>\n\t\t\t\t<div class=\"elementor-element elementor-element-40f94673 elementor-widget elementor-widget-heading\" data-id=\"40f94673\" data-element_type=\"widget\" data-e-type=\"widget\" data-widget_type=\"heading.default\">\n\t\t\t\t<div class=\"elementor-widget-container\">\n\t\t\t\t\t<h2 class=\"elementor-heading-title elementor-size-default\">LE CERCLE \u00c9TERNEL<\/h2>\t\t\t\t<\/div>\n\t\t\t\t<\/div>\n\t\t\t\t<div class=\"elementor-element elementor-element-551dced2 elementor-widget elementor-widget-image\" data-id=\"551dced2\" data-element_type=\"widget\" data-e-type=\"widget\" data-widget_type=\"image.default\">\n\t\t\t\t<div class=\"elementor-widget-container\">\n\t\t\t\t\t\t\t\t\t\t\t\t\t\t\t<img fetchpriority=\"high\" decoding=\"async\" width=\"300\" height=\"300\" src=\"https:\/\/xn--vritablefraternit-btbq.org\/wp-content\/uploads\/2024\/03\/4.webp\" class=\"attachment-medium size-medium wp-image-272\" alt=\"\" srcset=\"https:\/\/xn--vritablefraternit-btbq.org\/wp-content\/uploads\/2024\/03\/4.webp 300w, https:\/\/xn--vritablefraternit-btbq.org\/wp-content\/uploads\/2024\/03\/elementor\/thumbs\/4-razbcrfvwd1benxbosubwh0rml0rhjcx7trr1dc28s.webp 150w\" sizes=\"(max-width: 300px) 100vw, 300px\" \/>\t\t\t\t\t\t\t\t\t\t\t\t\t\t\t<\/div>\n\t\t\t\t<\/div>\n\t\t\t\t<div class=\"elementor-element elementor-element-7c933f4b elementor-align-center elementor-mobile-align-left elementor-widget elementor-widget-button\" data-id=\"7c933f4b\" data-element_type=\"widget\" data-e-type=\"widget\" data-widget_type=\"button.default\">\n\t\t\t\t<div class=\"elementor-widget-container\">\n\t\t\t\t\t\t\t\t\t<div class=\"elementor-button-wrapper\">\n\t\t\t\t\t<a class=\"elementor-button elementor-button-link elementor-size-sm elementor-animation-pulse\" href=\"https:\/\/wa.link\/nkyuys\">\n\t\t\t\t\t\t<span class=\"elementor-button-content-wrapper\">\n\t\t\t\t\t\t\t\t\t<span class=\"elementor-button-text\">Rejoignez-nous aujourd'hui<\/span>\n\t\t\t\t\t<\/span>\n\t\t\t\t\t<\/a>\n\t\t\t\t<\/div>\n\t\t\t\t\t\t\t\t<\/div>\n\t\t\t\t<\/div>\n\t\t\t\t<div class=\"elementor-element elementor-element-4740732 elementor-widget elementor-widget-text-editor\" data-id=\"4740732\" data-element_type=\"widget\" data-e-type=\"widget\" data-widget_type=\"text-editor.default\">\n\t\t\t\t<div class=\"elementor-widget-container\">\n\t\t\t\t\t\t\t\t\t<p>Vos actions ont le pouvoir de changer l&#8217;avenir du monde entier.<\/p><p>M\u00eame si vous ne comprenez pas pleinement votre raison d&#8217;\u00eatre, votre r\u00f4le est aussi important que celui des plus grands rois et reines de cette plan\u00e8te. Certains pensent que leur manque temporaire de richesse ou d&#8217;influence les rend impuissants \u00e0 cr\u00e9er le changement. Mais un horloger privil\u00e9gie-t-il les grands engrenages aux petits\u00a0? L&#8217;aiguille des heures jalouse-t-elle l&#8217;aiguille des minutes parce qu&#8217;elle tourne plus lentement\u00a0? Chaque composant joue un r\u00f4le dans le fonctionnement d&#8217;une montre. Chaque pi\u00e8ce aide ceux qui l&#8217;entourent d&#8217;une mani\u00e8re que vous ne verrez peut-\u00eatre jamais. Votre absence bouleverserait l&#8217;ordre de notre univers, m\u00eame si vous ne r\u00e9alisez pas votre importance.<\/p><p>Le monde a commenc\u00e9 avant vous et continuera apr\u00e8s vous, mais il sera diff\u00e9rent gr\u00e2ce \u00e0 vos d\u00e9cisions.<\/p><p>Chaque g\u00e9n\u00e9ration h\u00e9rite du monde laiss\u00e9 par la pr\u00e9c\u00e9dente, tout comme un roi h\u00e9rite de la couronne de son p\u00e8re. Votre qu\u00eate de sagesse et de bont\u00e9 peut poser les bases de l&#8217;ascension au pouvoir de votre arri\u00e8re-arri\u00e8re-petit-fils, ce m\u00eame descendant capable de sortir un pays de la guerre et de sauver des millions de vies. Les anc\u00eatres d&#8217;Aristote ou d&#8217;Alexandre le Grand savaient-ils qui ils allaient cr\u00e9er par leurs actes\u00a0?<\/p><p>Bien que vous ne compreniez jamais pleinement l&#8217;impact de vos actions, vous pourrez revendiquer les fruits de votre d\u00e9vouement envers l&#8217;humanit\u00e9.<\/p><p>En gravissant la grande Pyramide \u00e0 la recherche de la Lumi\u00e8re \u00e0 son sommet, vous regarderez en bas et constaterez que vous faites partie int\u00e9grante du m\u00e9canisme le plus complexe de notre univers. M\u00eame si nos membres humains p\u00e9rissent et disparaissent dans les annales du temps, les Illuminati subsisteront pour l&#8217;\u00e9ternit\u00e9.<\/p>\t\t\t\t\t\t\t\t<\/div>\n\t\t\t\t<\/div>\n\t\t\t\t<div class=\"elementor-element elementor-element-434c2434 elementor-widget elementor-widget-spacer\" data-id=\"434c2434\" data-element_type=\"widget\" data-e-type=\"widget\" data-widget_type=\"spacer.default\">\n\t\t\t\t<div class=\"elementor-widget-container\">\n\t\t\t\t\t\t\t<div class=\"elementor-spacer\">\n\t\t\t<div class=\"elementor-spacer-inner\"><\/div>\n\t\t<\/div>\n\t\t\t\t\t\t<\/div>\n\t\t\t\t<\/div>\n\t\t\t\t\t<\/div>\n\t\t<\/div>\n\t\t\t\t\t<\/div>\n\t\t<\/section>\n\t\t\t\t<\/div>\n\t\t","protected":false},"excerpt":{"rendered":"<p>LE CERCLE \u00c9TERNEL Rejoignez-nous aujourd&#8217;hui Vos actions ont le pouvoir de changer l&#8217;avenir du monde entier. M\u00eame si vous ne [&hellip;]<\/p>\n","protected":false},"author":1,"featured_media":0,"parent":0,"menu_order":0,"comment_status":"closed","ping_status":"closed","template":"","meta":{"_monsterinsights_skip_tracking":false,"_monsterinsights_sitenote_active":false,"_monsterinsights_sitenote_note":"","_monsterinsights_sitenote_category":0,"site-sidebar-layout":"no-sidebar","site-content-layout":"","ast-site-content-layout":"full-width-container","site-content-style":"default","site-sidebar-style":"default","ast-global-header-display":"","ast-banner-title-visibility":"","ast-main-header-display":"","ast-hfb-above-header-display":"","ast-hfb-below-header-display":"","ast-hfb-mobile-header-display":"","site-post-title":"disabled","ast-breadcrumbs-content":"","ast-featured-img":"disabled","footer-sml-layout":"","ast-disable-related-posts":"","theme-transparent-header-meta":"","adv-header-id-meta":"","stick-header-meta":"","header-above-stick-meta":"","header-main-stick-meta":"","header-below-stick-meta":"","astra-migrate-meta-layouts":"default","ast-page-background-enabled":"default","ast-page-background-meta":{"desktop":{"background-color":"var(--ast-global-color-4)","background-image":"","background-repeat":"repeat","background-position":"center center","background-size":"auto","background-attachment":"scroll","background-type":"","background-media":"","overlay-type":"","overlay-color":"","overlay-opacity":"","overlay-gradient":""},"tablet":{"background-color":"","background-image":"","background-repeat":"repeat","background-position":"center center","background-size":"auto","background-attachment":"scroll","background-type":"","background-media":"","overlay-type":"","overlay-color":"","overlay-opacity":"","overlay-gradient":""},"mobile":{"background-color":"","background-image":"","background-repeat":"repeat","background-position":"center center","background-size":"auto","background-attachment":"scroll","background-type":"","background-media":"","overlay-type":"","overlay-color":"","overlay-opacity":"","overlay-gradient":""}},"ast-content-background-meta":{"desktop":{"background-color":"var(--ast-global-color-5)","background-image":"","background-repeat":"repeat","background-position":"center center","background-size":"auto","background-attachment":"scroll","background-type":"","background-media":"","overlay-type":"","overlay-color":"","overlay-opacity":"","overlay-gradient":""},"tablet":{"background-color":"var(--ast-global-color-5)","background-image":"","background-repeat":"repeat","background-position":"center center","background-size":"auto","background-attachment":"scroll","background-type":"","background-media":"","overlay-type":"","overlay-color":"","overlay-opacity":"","overlay-gradient":""},"mobile":{"background-color":"var(--ast-global-color-5)","background-image":"","background-repeat":"repeat","background-position":"center center","background-size":"auto","background-attachment":"scroll","background-type":"","background-media":"","overlay-type":"","overlay-color":"","overlay-opacity":"","overlay-gradient":""}},"footnotes":""},"class_list":["post-17","page","type-page","status-publish","hentry"],"aioseo_notices":[],"_hostinger_reach_plugin_has_subscription_block":false,"_hostinger_reach_plugin_is_elementor":false,"_links":{"self":[{"href":"https:\/\/xn--vritablefraternit-btbq.org\/index.php?rest_route=\/wp\/v2\/pages\/17","targetHints":{"allow":["GET"]}}],"collection":[{"href":"https:\/\/xn--vritablefraternit-btbq.org\/index.php?rest_route=\/wp\/v2\/pages"}],"about":[{"href":"https:\/\/xn--vritablefraternit-btbq.org\/index.php?rest_route=\/wp\/v2\/types\/page"}],"author":[{"embeddable":true,"href":"https:\/\/xn--vritablefraternit-btbq.org\/index.php?rest_route=\/wp\/v2\/users\/1"}],"replies":[{"embeddable":true,"href":"https:\/\/xn--vritablefraternit-btbq.org\/index.php?rest_route=%2Fwp%2Fv2%2Fcomments&post=17"}],"version-history":[{"count":76,"href":"https:\/\/xn--vritablefraternit-btbq.org\/index.php?rest_route=\/wp\/v2\/pages\/17\/revisions"}],"predecessor-version":[{"id":1977,"href":"https:\/\/xn--vritablefraternit-btbq.org\/index.php?rest_route=\/wp\/v2\/pages\/17\/revisions\/1977"}],"wp:attachment":[{"href":"https:\/\/xn--vritablefraternit-btbq.org\/index.php?rest_route=%2Fwp%2Fv2%2Fmedia&parent=17"}],"curies":[{"name":"wp","href":"https:\/\/api.w.org\/{rel}","templated":true}]}}