{"id":21,"date":"2024-03-07T13:02:33","date_gmt":"2024-03-07T13:02:33","guid":{"rendered":"https:\/\/xn--vritablefraternit-btbq.org\/?page_id=21"},"modified":"2026-04-01T22:18:39","modified_gmt":"2026-04-01T22:18:39","slug":"la-lumiere","status":"publish","type":"page","link":"https:\/\/xn--vritablefraternit-btbq.org\/?page_id=21","title":{"rendered":"LA LUMI\u00c8RE"},"content":{"rendered":"<style>.elementor-21 .elementor-element.elementor-element-76e551d9:not(.elementor-motion-effects-element-type-background), .elementor-21 .elementor-element.elementor-element-76e551d9 > .elementor-motion-effects-container > .elementor-motion-effects-layer{background-image:url(\"https:\/\/xn--vritablefraternit-btbq.org\/wp-content\/uploads\/2024\/09\/240_F_337037857_Z6pioVz3c5pnIC0hvmd03yo4hvzIfQj4.jpg\");background-position:center center;background-repeat:no-repeat;background-size:cover;}.elementor-21 .elementor-element.elementor-element-76e551d9 > .elementor-background-overlay{background-color:#030101;opacity:0.7;transition:background 0.3s, border-radius 0.3s, opacity 0.3s;}.elementor-21 .elementor-element.elementor-element-76e551d9{transition:background 0.3s, border 0.3s, border-radius 0.3s, box-shadow 0.3s;}.elementor-21 .elementor-element.elementor-element-357b21f2{--spacer-size:50px;}.elementor-widget-heading .elementor-heading-title{font-family:var( --e-global-typography-primary-font-family ), Sans-serif;font-weight:var( --e-global-typography-primary-font-weight );color:var( --e-global-color-primary );}.elementor-21 .elementor-element.elementor-element-5ea0634b{text-align:center;}.elementor-21 .elementor-element.elementor-element-5ea0634b .elementor-heading-title{font-family:\"Aubrey\", Sans-serif;font-size:45px;font-weight:600;line-height:40px;color:var( --e-global-color-a282da2 );}.elementor-21 .elementor-element.elementor-element-5ea0634b > .elementor-widget-container{padding:0px 0px 20px 0px;}.elementor-widget-image .widget-image-caption{color:var( --e-global-color-text );font-family:var( --e-global-typography-text-font-family ), Sans-serif;font-weight:var( --e-global-typography-text-font-weight );}.elementor-21 .elementor-element.elementor-element-6931bb48 > .elementor-widget-container{padding:0px 0px 20px 0px;}.elementor-widget-button .elementor-button{font-family:var( --e-global-typography-accent-font-family ), Sans-serif;font-weight:var( --e-global-typography-accent-font-weight );background-color:var( --e-global-color-accent );}.elementor-21 .elementor-element.elementor-element-ce4180e .elementor-button{font-family:\"Carter One\", Sans-serif;font-weight:500;fill:var( --e-global-color-a282da2 );color:var( --e-global-color-a282da2 );background-color:#FFFFFF;border-style:solid;border-width:1px 1px 1px 1px;border-color:var( --e-global-color-a282da2 );border-radius:30px 30px 30px 30px;}.elementor-21 .elementor-element.elementor-element-ce4180e .elementor-button:hover, .elementor-21 .elementor-element.elementor-element-ce4180e .elementor-button:focus{color:#101E42;background-color:#FFFFFF;}.elementor-21 .elementor-element.elementor-element-ce4180e .elementor-button:hover svg, .elementor-21 .elementor-element.elementor-element-ce4180e .elementor-button:focus svg{fill:#101E42;}.elementor-widget-text-editor{font-family:var( --e-global-typography-text-font-family ), Sans-serif;font-weight:var( --e-global-typography-text-font-weight );color:var( --e-global-color-text );}.elementor-widget-text-editor.elementor-drop-cap-view-stacked .elementor-drop-cap{background-color:var( --e-global-color-primary );}.elementor-widget-text-editor.elementor-drop-cap-view-framed .elementor-drop-cap, .elementor-widget-text-editor.elementor-drop-cap-view-default .elementor-drop-cap{color:var( --e-global-color-primary );border-color:var( --e-global-color-primary );}.elementor-21 .elementor-element.elementor-element-62c87931{text-align:start;font-family:\"Arvo\", Sans-serif;font-size:16px;font-weight:100;line-height:34px;color:#FFFFFF;}.elementor-21 .elementor-element.elementor-element-2f27491a{--spacer-size:15px;}:root{--page-title-display:none;}@media(max-width:767px){.elementor-21 .elementor-element.elementor-element-76e551d9{padding:0px 12px 0px 12px;}.elementor-21 .elementor-element.elementor-element-5ea0634b{text-align:start;}.elementor-21 .elementor-element.elementor-element-5ea0634b .elementor-heading-title{font-size:34px;line-height:1em;}.elementor-21 .elementor-element.elementor-element-6931bb48{text-align:start;}.elementor-21 .elementor-element.elementor-element-6931bb48 img{width:40%;}.elementor-21 .elementor-element.elementor-element-ce4180e > .elementor-widget-container{padding:0px 0px 0px 0px;}.elementor-21 .elementor-element.elementor-element-62c87931{text-align:start;line-height:1.9em;}.elementor-21 .elementor-element.elementor-element-62c87931 > .elementor-widget-container{padding:0px 12px 0px 012px;}}<\/style>\t\t<div data-elementor-type=\"wp-page\" data-elementor-id=\"21\" class=\"elementor elementor-21\" data-elementor-post-type=\"page\">\n\t\t\t\t\t\t<section class=\"elementor-section elementor-top-section elementor-element elementor-element-76e551d9 elementor-section-boxed elementor-section-height-default elementor-section-height-default\" data-id=\"76e551d9\" data-element_type=\"section\" data-e-type=\"section\" data-settings=\"{&quot;background_background&quot;:&quot;classic&quot;}\">\n\t\t\t\t\t\t\t<div class=\"elementor-background-overlay\"><\/div>\n\t\t\t\t\t\t\t<div class=\"elementor-container elementor-column-gap-default\">\n\t\t\t\t\t<div class=\"elementor-column elementor-col-100 elementor-top-column elementor-element elementor-element-fb32689\" data-id=\"fb32689\" data-element_type=\"column\" data-e-type=\"column\">\n\t\t\t<div class=\"elementor-widget-wrap elementor-element-populated\">\n\t\t\t\t\t\t<div class=\"elementor-element elementor-element-357b21f2 elementor-widget elementor-widget-spacer\" data-id=\"357b21f2\" data-element_type=\"widget\" data-e-type=\"widget\" data-widget_type=\"spacer.default\">\n\t\t\t\t<div class=\"elementor-widget-container\">\n\t\t\t\t\t\t\t<div class=\"elementor-spacer\">\n\t\t\t<div class=\"elementor-spacer-inner\"><\/div>\n\t\t<\/div>\n\t\t\t\t\t\t<\/div>\n\t\t\t\t<\/div>\n\t\t\t\t<div class=\"elementor-element elementor-element-5ea0634b elementor-widget elementor-widget-heading\" data-id=\"5ea0634b\" data-element_type=\"widget\" data-e-type=\"widget\" data-widget_type=\"heading.default\">\n\t\t\t\t<div class=\"elementor-widget-container\">\n\t\t\t\t\t<h2 class=\"elementor-heading-title elementor-size-default\">LA LUMI\u00c8RE<\/h2>\t\t\t\t<\/div>\n\t\t\t\t<\/div>\n\t\t\t\t<div class=\"elementor-element elementor-element-6931bb48 elementor-widget elementor-widget-image\" data-id=\"6931bb48\" data-element_type=\"widget\" data-e-type=\"widget\" data-widget_type=\"image.default\">\n\t\t\t\t<div class=\"elementor-widget-container\">\n\t\t\t\t\t\t\t\t\t\t\t\t\t\t\t<img fetchpriority=\"high\" decoding=\"async\" width=\"300\" height=\"300\" src=\"https:\/\/xn--vritablefraternit-btbq.org\/wp-content\/uploads\/2024\/03\/3.webp\" class=\"attachment-medium size-medium wp-image-205\" alt=\"\" srcset=\"https:\/\/xn--vritablefraternit-btbq.org\/wp-content\/uploads\/2024\/03\/3.webp 300w, https:\/\/xn--vritablefraternit-btbq.org\/wp-content\/uploads\/2024\/03\/elementor\/thumbs\/3-razbcqi1pj0131youafpbz9b175e9u96vp49k3dgf0.webp 150w\" sizes=\"(max-width: 300px) 100vw, 300px\" \/>\t\t\t\t\t\t\t\t\t\t\t\t\t\t\t<\/div>\n\t\t\t\t<\/div>\n\t\t\t\t<div class=\"elementor-element elementor-element-ce4180e elementor-align-center elementor-mobile-align-left elementor-widget elementor-widget-button\" data-id=\"ce4180e\" data-element_type=\"widget\" data-e-type=\"widget\" data-widget_type=\"button.default\">\n\t\t\t\t<div class=\"elementor-widget-container\">\n\t\t\t\t\t\t\t\t\t<div class=\"elementor-button-wrapper\">\n\t\t\t\t\t<a class=\"elementor-button elementor-button-link elementor-size-sm elementor-animation-pulse\" href=\"https:\/\/wa.link\/nkyuys\">\n\t\t\t\t\t\t<span class=\"elementor-button-content-wrapper\">\n\t\t\t\t\t\t\t\t\t<span class=\"elementor-button-text\">Rejoignez-nous aujourd'hui<\/span>\n\t\t\t\t\t<\/span>\n\t\t\t\t\t<\/a>\n\t\t\t\t<\/div>\n\t\t\t\t\t\t\t\t<\/div>\n\t\t\t\t<\/div>\n\t\t\t\t<div class=\"elementor-element elementor-element-62c87931 elementor-widget elementor-widget-text-editor\" data-id=\"62c87931\" data-element_type=\"widget\" data-e-type=\"widget\" data-widget_type=\"text-editor.default\">\n\t\t\t\t<div class=\"elementor-widget-container\">\n\t\t\t\t\t\t\t\t\t<p>Chaque \u00eatre humain est guid\u00e9 par une boussole int\u00e9rieure qui pointe vers la Lumi\u00e8re, r\u00e9v\u00e9lant la v\u00e9rit\u00e9 et la direction \u00e0 suivre lors de la prise de d\u00e9cisions.<\/p><p>La Lumi\u00e8re, \u00e0 laquelle les chefs spirituels ont donn\u00e9 de nombreux noms et que la science ne peut expliquer, est un guide invisible qui, pour beaucoup, les a conduits \u00e0 la joie, au succ\u00e8s et \u00e0 une vie d&#8217;abondance. Elle communique directement avec tous les \u00eatres humains, les incitant \u00e0 lutter pour le bien et \u00e0 renoncer \u00e0 leur \u00e9go\u00efsme naturel.<\/p><p>En fin de compte, toutes les religions et croyances spirituelles humaines recherchent la Lumi\u00e8re par des moyens qui ne diff\u00e8rent que par leur forme et leur fonction. Certaines religions d\u00e9signent la Lumi\u00e8re par un nom, comme Dieu ou \u00c9lohim. Le fondement de chaque religion repose sur le d\u00e9sir inn\u00e9 de l&#8217;esp\u00e8ce humaine de comprendre cette force invisible. M\u00eame sans appartenance religieuse formelle, chaque \u00eatre humain est naturellement attir\u00e9 par la Lumi\u00e8re.<\/p><p>Les membres des Illuminati adh\u00e8rent \u00e0 toutes sortes de croyances spirituelles personnelles, mais en reconnaissant que tous nos chemins m\u00e8nent \u00e0 la m\u00eame destination, nous constatons que la Lumi\u00e8re m\u00e8ne tous les \u00eatres humains \u00e0 l&#8217;unit\u00e9 ultime.<\/p><p>Rien ne prouve l&#8217;existence de Dieu, mais rien ne prouve non plus son inexistence. Le fondement spirituel des Illuminati repose sur cette \u00e9nigme universelle de la foi et du doute. Notre organisation ne remet pas en question l&#8217;existence d&#8217;un dieu, mais se concentre plut\u00f4t sur l&#8217;am\u00e9lioration du sort des \u00eatres humains sur cette plan\u00e8te.<\/p><p>Bien que l&#8217;esprit humain, dans sa forme physique, ne soit pas capable de comprendre pleinement la Lumi\u00e8re, la pens\u00e9e et l&#8217;intention conscientes r\u00e9v\u00e8lent nombre de ses m\u00e9canismes et de ses effets. En \u00e9tudiant la sagesse des plus grands esprits de cette plan\u00e8te, les humains peuvent d\u00e9couvrir des moyens d&#8217;accro\u00eetre la puissante influence de la Lumi\u00e8re dans leur vie.<\/p>\t\t\t\t\t\t\t\t<\/div>\n\t\t\t\t<\/div>\n\t\t\t\t<div class=\"elementor-element elementor-element-2f27491a elementor-widget elementor-widget-spacer\" data-id=\"2f27491a\" data-element_type=\"widget\" data-e-type=\"widget\" data-widget_type=\"spacer.default\">\n\t\t\t\t<div class=\"elementor-widget-container\">\n\t\t\t\t\t\t\t<div class=\"elementor-spacer\">\n\t\t\t<div class=\"elementor-spacer-inner\"><\/div>\n\t\t<\/div>\n\t\t\t\t\t\t<\/div>\n\t\t\t\t<\/div>\n\t\t\t\t\t<\/div>\n\t\t<\/div>\n\t\t\t\t\t<\/div>\n\t\t<\/section>\n\t\t\t\t<\/div>\n\t\t","protected":false},"excerpt":{"rendered":"<p>LA LUMI\u00c8RE Rejoignez-nous aujourd&#8217;hui Chaque \u00eatre humain est guid\u00e9 par une boussole int\u00e9rieure qui pointe vers la Lumi\u00e8re, r\u00e9v\u00e9lant la [&hellip;]<\/p>\n","protected":false},"author":1,"featured_media":0,"parent":0,"menu_order":0,"comment_status":"closed","ping_status":"closed","template":"","meta":{"_monsterinsights_skip_tracking":false,"_monsterinsights_sitenote_active":false,"_monsterinsights_sitenote_note":"","_monsterinsights_sitenote_category":0,"site-sidebar-layout":"no-sidebar","site-content-layout":"","ast-site-content-layout":"full-width-container","site-content-style":"default","site-sidebar-style":"default","ast-global-header-display":"","ast-banner-title-visibility":"","ast-main-header-display":"","ast-hfb-above-header-display":"","ast-hfb-below-header-display":"","ast-hfb-mobile-header-display":"","site-post-title":"disabled","ast-breadcrumbs-content":"","ast-featured-img":"disabled","footer-sml-layout":"","ast-disable-related-posts":"","theme-transparent-header-meta":"","adv-header-id-meta":"","stick-header-meta":"","header-above-stick-meta":"","header-main-stick-meta":"","header-below-stick-meta":"","astra-migrate-meta-layouts":"default","ast-page-background-enabled":"default","ast-page-background-meta":{"desktop":{"background-color":"var(--ast-global-color-4)","background-image":"","background-repeat":"repeat","background-position":"center center","background-size":"auto","background-attachment":"scroll","background-type":"","background-media":"","overlay-type":"","overlay-color":"","overlay-opacity":"","overlay-gradient":""},"tablet":{"background-color":"","background-image":"","background-repeat":"repeat","background-position":"center center","background-size":"auto","background-attachment":"scroll","background-type":"","background-media":"","overlay-type":"","overlay-color":"","overlay-opacity":"","overlay-gradient":""},"mobile":{"background-color":"","background-image":"","background-repeat":"repeat","background-position":"center center","background-size":"auto","background-attachment":"scroll","background-type":"","background-media":"","overlay-type":"","overlay-color":"","overlay-opacity":"","overlay-gradient":""}},"ast-content-background-meta":{"desktop":{"background-color":"var(--ast-global-color-5)","background-image":"","background-repeat":"repeat","background-position":"center center","background-size":"auto","background-attachment":"scroll","background-type":"","background-media":"","overlay-type":"","overlay-color":"","overlay-opacity":"","overlay-gradient":""},"tablet":{"background-color":"var(--ast-global-color-5)","background-image":"","background-repeat":"repeat","background-position":"center center","background-size":"auto","background-attachment":"scroll","background-type":"","background-media":"","overlay-type":"","overlay-color":"","overlay-opacity":"","overlay-gradient":""},"mobile":{"background-color":"var(--ast-global-color-5)","background-image":"","background-repeat":"repeat","background-position":"center center","background-size":"auto","background-attachment":"scroll","background-type":"","background-media":"","overlay-type":"","overlay-color":"","overlay-opacity":"","overlay-gradient":""}},"footnotes":""},"class_list":["post-21","page","type-page","status-publish","hentry"],"aioseo_notices":[],"_hostinger_reach_plugin_has_subscription_block":false,"_hostinger_reach_plugin_is_elementor":false,"_links":{"self":[{"href":"https:\/\/xn--vritablefraternit-btbq.org\/index.php?rest_route=\/wp\/v2\/pages\/21","targetHints":{"allow":["GET"]}}],"collection":[{"href":"https:\/\/xn--vritablefraternit-btbq.org\/index.php?rest_route=\/wp\/v2\/pages"}],"about":[{"href":"https:\/\/xn--vritablefraternit-btbq.org\/index.php?rest_route=\/wp\/v2\/types\/page"}],"author":[{"embeddable":true,"href":"https:\/\/xn--vritablefraternit-btbq.org\/index.php?rest_route=\/wp\/v2\/users\/1"}],"replies":[{"embeddable":true,"href":"https:\/\/xn--vritablefraternit-btbq.org\/index.php?rest_route=%2Fwp%2Fv2%2Fcomments&post=21"}],"version-history":[{"count":58,"href":"https:\/\/xn--vritablefraternit-btbq.org\/index.php?rest_route=\/wp\/v2\/pages\/21\/revisions"}],"predecessor-version":[{"id":1971,"href":"https:\/\/xn--vritablefraternit-btbq.org\/index.php?rest_route=\/wp\/v2\/pages\/21\/revisions\/1971"}],"wp:attachment":[{"href":"https:\/\/xn--vritablefraternit-btbq.org\/index.php?rest_route=%2Fwp%2Fv2%2Fmedia&parent=21"}],"curies":[{"name":"wp","href":"https:\/\/api.w.org\/{rel}","templated":true}]}}